3 + -102b?
-1032
In base 11, what is 3 - -7a?
82
In base 3, what is -1001121112 + 11?
-1001121101
In base 16, what is -7 - -38?
31
In base 14, what is 3 + 11c8?
11cb
In base 13, what is 0 + -6?
-6
In base 2, what is 100000111 + -100?
100000011
In base 6, what is 3 + 34?
41
In base 12, what is -35 - -3?
-32
In base 5, what is -41 + -121?
-212
In base 8, what is 0 + -46?
-46
In base 9, what is -364 + 34?
-330
In base 13, what is -5 + -2?
-7
In base 7, what is 1011 - -4?
1015
In base 7, what is 144 - -14?
161
In base 4, what is 2102212 + -3?
2102203
In base 9, what is -4 + -101?
-105
In base 4, what is -1 - -112331?
112330
In base 6, what is -32 + 12?
-20
In base 4, what is -3131 + -2?
-3133
In base 4, what is 2302 - 0?
2302
In base 5, what is 3204 - 2?
3202
In base 15, what is 73 + 0?
73
In base 9, what is 16 + -677?
-661
In base 8, what is 17 + 133?
152
In base 2, what is 10011100 + 1?
10011101
In base 14, what is -3 - 1dd2?
-1dd5
In base 12, what is -2 + -150?
-152
In base 14, what is -2 - -32b?
329
In base 5, what is 10231 - 3?
10223
In base 6, what is 1 - -34?
35
In base 15, what is -639 - -3?
-636
In base 10, what is 325 + 3?
328
In base 7, what is 20015 - -2?
20020
In base 6, what is 15 + 121?
140
In base 5, what is 132 - 201?
-14
In base 2, what is 100101000000 - 10?
100100111110
In base 12, what is -57a - -12?
-568
In base 3, what is 121021102 - -2?
121021111
In base 3, what is -2 + -1101212?
-1101221
In base 11, what is 41 - 4?
38
In base 8, what is 421 + -4?
415
In base 3, what is 20 - 1102201?
-1102111
In base 9, what is 1213 + 5?
1218
In base 6, what is 0 - -11450?
11450
In base 13, what is -5 + -60?
-65
In base 8, what is -132 - -16?
-114
In base 13, what is 64 + 25?
89
In base 11, what is -1 + 2?
1
In base 13, what is -43 + 5?
-3b
In base 16, what is 466 - 5?
461
In base 11, what is 5 + 1a54?
1a59
In base 16, what is 3 - -f8?
fb
In base 6, what is -423 + 1?
-422
In base 8, what is 0 - 5?
-5
In base 15, what is -342 + 5?
-33c
In base 6, what is 302 + -3?
255
In base 7, what is -164 - 1?
-165
In base 7, what is -12 - 2?
-14
In base 10, what is 5 - 246?
-241
In base 12, what is 1249 - 8?
1241
In base 5, what is 4 - -142?
201
In base 15, what is -11e + 4?
-11a
In base 4, what is 302 - -130?
1032
In base 10, what is 2 - 22?
-20
In base 16, what is 90 + a?
9a
In base 3, what is -111202 + 11?
-111121
In base 5, what is -43 - 1242?
-1340
In base 7, what is 3 + -303?
-300
In base 8, what is -5 + 277?
272
In base 13, what is 1 + -182?
-181
In base 5, what is 1 + -1120?
-1114
In base 5, what is 243 - -10?
303
In base 7, what is 33 - 2?
31
In base 12, what is -2 - 7a?
-80
In base 15, what is 2b2a + 1?
2b2b
In base 4, what is 10 - 1121?
-1111
In base 3, what is -10020220 + 11?
-10020202
In base 11, what is 1a - 27?
-8
In base 11, what is -10 + 561?
551
In base 3, what is 11 - -122110?
122121
In base 10, what is -85 - -3?
-82
In base 7, what is -2 - -15?
13
In base 15, what is -79d - 2?
-7a0
In base 6, what is -4243 - 1?
-4244
In base 2, what is 1001010100 + 100?
1001011000
In base 15, what is -1a - 0?
-1a
In base 4, what is 10120 - 3?
10111
In base 12, what is -2 - 726?
-728
In base 4, what is 10123 + -2?
10121
In base 10, what is 168 - -3?
171
In base 4, what is 2 - 2031?
-2023
In base 5, what is -14022 - 1?
-14023
In base 15, what is 10 + -3?
c
In base 16, what is -5 - -106?
101
In base 5, what is 14031 + -2?
14024
In base 11, what is 5 - -116?
120
In base 11, what is 0 + 175?
175
In base 15, what is -d + 3?
-a
In base 16, what is 31 - -8?
39
In base 12, what is 5 + 146?
14b
In base 8, what is 1 - -10501?
10502
In base 7, what is -5 - -10111?
10103
In base 15, what is 7 - 507?
-500
In base 8, what is -347 - -4?
-343
In base 9, what is 7 - -506?
514
In base 13, what is 281 + 13?
294
In base 9, what is -153 - -2?
-151
In base 6, what is 51 + -151?
-100
In base 7, what is 2 + 265?
300
In base 16, what is -240 - -3?
-23d
In base 7, what is -3155 - 3?
-3161
In base 11, what is 19 - -2?
20
In base 5, what is -1324 - -4?
-1320
In base 15, what is 3 - b6?
-b3
In base 14, what is 4 - 24?
-20
In base 10, what is -1387 - -5?
-1382
In base 7, what is 261 - 11?
250
In base 2, what is -101 + -100010000?
-100010101
In base 15, what is 3 - -10a?
10d
In base 11, what is -651a + -2?
-6521
In base 15, what is -142d - 4?
-1432
In base 7, what is -43 + 111?
35
In base 4, what is -2130 - -12?
-2112
In base 4, what is 201 - 1?
200
In base 15, what is 3 - 3?
0
In base 13, what is 6 + -59?
-53
In base 13, what is 2a - 7?
23
In base 8, what is 301 + -3?
276
In base 5, what is 21110 + -20?
21040
In base 2, what is 11 + 10010001?
10010100
In base 8, what is -3060 + -7?
-3067
In base 15, what is d + -25?
-17
In base 15, what is -2 + 23c?
23a
In base 8, what is -7 + -126?
-135
In base 12, what is 1 - 116?
-115
In base 8, what is -3 - -405?
402
In base 16, what is -15 + -73?
-88
In base 13, what is 6 - -63?
69
In base 14, what is aac + -5?
aa7
In base 10, what is -3 + -644?
-647
In base 14, what is 5 - -81?
86
In base 11, what is -8 + 34?
27
In base 7, what is 151 - 3?
145
In base 9, what is -3 + -566?
-570
In base 11, what is -2 - -709?
707
In base 2, what is -11000001010 + 11?
-11000000111
In base 9, what is 4 + 755?
760
In base 6, what is -2 + -1245?
-1251
In base 10, what is -197 + -3?
-200
In base 2, what is -111100 - 110?
-1000010
In base 2, what is 100 + -1?
11
In base 8, what is -4 + 0?
-4
In base 13, what is 5 + -153?
-14b
In base 13, what is -4 + -1238?
-123c
In base 3, what is 2 + 1111?
1120
In base 4, what is 1010 - 0?
1010
In base 13, what is -22 - -56?
34
In base 12, what is 173 + 4?
177
In base 2, what is -11000000 + -100?
-11000100
In base 2, what is 111 + 10111001001?
10111010000
In base 2, what is 1000 - -110010001?
110011001
In base 2, what is 11 - 110111111000?
-110111110101
In base 3, what is -2110010 - -20?
-2102220
In base 4, what is 100 + 113?
213
In base 14, what is -2 + -81?
-83
In base 14, what is 6b9 - 5?
6b4
In base 16, what is 1a7 - 0?
1a7
In base 2, what is -10 + 100100000101?
100100000011
In base 16, what is b - 43?
-38
In base 16, what is -288 - -1?
-287
In base 14, what is -741 + 4?
-73b
In base 16, what is 4 + -154?
-150
In base 8, what is -563 + 11?
-552
In base 7, what is 23 + -203?
-150
In base 4, what is -1 + -130210?
-130211
In base 9, what is -4 - -6?
2
In base 14, what is 324 - -5?
329
In base 15, what is -5 + -5ed?
-603
In base 8, what is -420 - 3?
-423
In base 2, what is -100100001100111 - 11?
-100100001101010
In base 7, what is -5 - -1001?
663
In base 7, what is 15 - -35?
53
In base 7, what is -22535 - 0?
-22535
In base 5, what is -41021 + -12?
-41033
In base 6, what is -3 - 10?
-13
In base 6, what is -2 - -123?
121
In base 13, what is -57b + -4?
-582
In base 14, what is -7b + 4?
-77
In base 7, what is -4140 + -1?
-4141
In base 10, what is -4 - -167?
163
In base 16, what is -5 - 2df?
-2e4
In base 3, what is -20 + 112?
22
In base 11, what is 2 + 7a?
81
In base 11, what is a88 - 7?
a81
In base 3, what is -11220 + -11?
-12001
In base 11, what is -1a51 - 5?
-1a56
In base 14, what is -2 - 5?
-7
In base 14, what is -4 - -53a?
536
In base 7, what is 3 - 1202?
-1166
In base 10, what is 5 - -308?
313
In base 15, what is -9 + -156?
-160
In base 4, what is -2 + 21321?
21313
In base 4, what is 2 + -201302?
-201300
In base 7, what is 154 + 56?
243
In base 2, what is 1000000 + 10?
1000010
In base 10, what is 873 - -4?
877
In base 10, what is 0 + 2780?
2780
In base 16, what is -5 + 141?
13c
In base 14, what is -913 - 4?
-917
In base 13, what is -58 + 4?
-54
In base 6, what is -4451 + -4?
-4455
In base 9, what is -4 + 268?
264
In base 13, what is a0 - -5?
a5
In base 2, what is 101110 - 11111?
1111
In base 5, what is -3 - -13213?
13210
In base 15, what is 4 + e5?
e9
In base 4, what is 31001 - 2?
30333
In base 5, what is 40 - -131?
221
In base 7, what is 613 - 3?
610
In base 6, what is -1 - 453?
-454
In base 11, what is 2052 - -1?
2053
In base 16, what is -3 + -87?
-8a
In base 5, what is -2 + -1?
-3
In base 15, what is -10 - -4d?
3d
In base 11, what is -36 + 3?
-33
In base 4, what is 11011 - 1?
11010
In base 6, what is -1004 + 0?
-1004
In base 2, what is 11 - -1010010111?
1010011010
In base 9, what is -130 - -1?
-128
In base 4, what is 1 + -